p**2 - p + 5. Let f(q) be the first derivative of y(q). Determine f(-5).
-1
Let n(i) = 7 - 1915*i + 3835*i - 1917*i. Let h(g) = g**3 - 10*g**2 - 24*g - 4. Let w be h(12). Calculate n(w).
-5
Let b(s) = 7*s - 143*s + 198 + 127*s. Give b(22).
0
Let w be (-10)/15*3*3. Let b be w/(1 - (0 + -1)). Let l(x) = x**3 + x - 1. Determine l(b).
-31
Let d(v) = -67*v**2 + 35*v - 23. Let f(t) = 42*t**2 - 23*t + 15. Let q(k) = 5*d(k) + 8*f(k). Calculate q(0).
5
Let w(b) = 7*b**2 + 6*b - 7. Let k = -7091 + 7092. What is w(k)?
6
Suppose -2*z - 23 = -5*u, -u + 4*z + 4 - 3 = 0. Let p be 33/(-44) - 15/12. Let i(n) = -19*n - 26. Let y(x) = 4*x + 6. Let s(o) = p*i(o) - 9*y(o). What is s(u)?
8
Let b(s) = 4*s + 15. Let u(h) = -h**2 - 19*h - 37. Let y be u(-15). Suppose 111 = -y*w + 19. Give b(w).
-1
Suppose 2*g - g = 3. Let l be g/(((-42)/16)/7). Let b(n) be the second derivative of n**4/12 + 11*n**3/6 + 11*n**2/2 - 52*n + 3. Give b(l).
-13
Let u(x) = x**2 + 5*x - 1. Let f be 7 + -5 + -2 + 4. Suppose -f*m - 32 + 6 = -2*p, -m = 3*p - 11. What is u(m)?
-5
Let u be 2/6 + 6617/39. Suppose -177*c + u*c - 91 = 0. Let o(y) = -y - 7. What is o(c)?
6
Suppose -3*r = 61*r - 232 - 152. Let s(l) = l**3 - 5*l**2 - 10*l + 22. Give s(r).
-2
Suppose -3 = 3*y, 0*c + 55 = 2*c + 5*y. Let z(s) = -s**3 + 5*s**2 + 7. Let w be z(6). Let l = c + w. Let d(u) = -18*u**3 + u**2 - u. What is d(l)?
-18
Suppose 0 = -0*x + 3*x + 6. Let m be (5/(-160)*4)/(-2*(-5)/(-80)). Let h = x + m. Let w(l) = 6*l**3 + l**2. Calculate w(h).
-5
Let j(t) = 27*t + 192. Let n be j(-7). Let f(d) = 7*d - 1. Let c(p) = -20*p + 3. Let l(i) = -4*c(i) - 11*f(i). Determine l(n).
8
Let o(t) = -2 - t + 651*t**2 + 10 - 327*t**2 - 326*t**2. Give o(0).
8
Let z(v) be the first derivative of 5/2*v**2 - v - 5 - 1/3*v**3. Suppose -l = 1, 5 = 3*d + 2*l - 5. Determine z(d).
3
Let l = 23 - 14. Suppose -39 = -6*b + 2*b + 5*a, -b + l = -a. Let u(d) = 4*d**3 - 5*d**3 - 499 + 6*d**2 + 493. Give u(b).
-6
Let m(i) = -13*i - 87. Let l be m(-7). Let w(n) = -2*n + 7*n**3 - 8*n**3 - 2 + 5*n**2 + 4*n + 3 - 6*n. Calculate w(l).
1
Let f(b) = 11*b + 16. Let n be f(-2). Let s be (-3)/n*(1 + -1). Suppose -i + 0*i + 2*j + 9 = 0, s = 2*i - 3*j - 16. Let k(r) = -r**2 + 7*r - 5. Determine k(i).
5
Let x(i) = -9*i + 3*i - 3*i**2 - 1146 + 16*i + 1164. Determine x(-2).
-14
Let l(c) be the first derivative of c - 151. Let u(i) = 13*i + 7 - 8*i - 6*i. Let h(n) = 5*l(n) + u(n). Give h(6).
6
Let t(z) = -3*z**2 - 10*z + 2. Let d be 3 + -1 - (0 + (-2 - 1)). Let m(u) = -4*u**2 - 12*u + 1. Let g(i) = d*t(i) - 4*m(i). Give g(4).
14
Let c(x) = -x**3 + 9*x**2 + 8*x + 11. Let o = 169 - 139. Let t be (-39)/(-6) + 6/(-4). Let u be (t/30*-2)/((-1)/o). Give c(u).
-9
Let z = -2068 + 2072. Let u(b) = -2*b**2 - 5*b + 4. Give u(z).
-48
Let d(j) = 735*j + 8086. Let h be d(-11). Let q(x) = 4*x**2 - 2*x - 1. Let v(w) = 5*w**2 - 3*w - 1. Let m(i) = 3*q(i) - 2*v(i). What is m(h)?
1
Let y(n) = 3*n**2 - 86*n + 503. Let u be y(8). Let s(q) = 8*q - 2. What is s(u)?
54
Let i(t) = t**2 - 16*t + 4. Let z be (-2)/((-4)/(-18))*(-2240)/1260. Calculate i(z).
4
Let p = -352 - -354. Suppose 0 = 3*r - 3*i + 9, -3*r - 15 = -p*i - 8. Let v(x) = 1 - 6*x - x + 0*x. Give v(r).
8
Let y(n) = -2*n + 21. Let o(k) = 3*k**2 + 25*k - 104. Let m be o(-11). Calculate y(m).
53
Suppose 23*f + 24 = 32*f - 39. Let i(n) = -10*n**2 + 15*n + 23. Let a(s) = 7*s**2 - 10*s - 15. Let v(z) = -7*a(z) - 5*i(z). Give v(f).
4
Let x(z) be the second derivative of 4*z**3/3 - 26*z**2 + 3435*z. Give x(0).
-52
Let r = 10651 - 10658. Let k(o) = -o**3 - 6*o**2 - 7*o + 9. Give k(r).
107
Let a(v) be the first derivative of v**3/6 + 162*v - 1. Let i(h) be the first derivative of a(h). Determine i(9).
9
Let j(s) = 2*s - 57. Let q(i) = -19. Let r(v) = 6*j(v) - 21*q(v). Give r(-6).
-15
Suppose -3604 = -2*o - 3594. Let w(k) = k**3 - 4*k**2 - 6*k + 4. What is w(o)?
-1
Let l(a) = -32*a - 201. Let r(p) = -4*p**3 + 18*p**2 + 43*p - 48. Let s be r(6). Give l(s).
-9
Let s(u) = 2*u**2 + 14*u + 17. Let k(x) = -x**2 + 2*x + 6. Let n(j) = 5*k(j) - s(j). Determine n(-4).
-83
Suppose 9 + 47 = 14*c. Suppose t = -5*d + c*t - 42, 4*t - 28 = 2*d. Let x(l) = 6*l + 6. Calculate x(d).
-30
Let r(u) = -u - 2. Suppose 2*w - 7 = 5*i + 42, 0 = -2*i - 3*w - 31. What is r(i)?
9
Let b(j) = 4*j**2 - 32*j - 7. Let t(l) = l**2 - 8*l - 2. Let a(u) = -2*b(u) + 9*t(u). What is a(11)?
29
Let s(r) = r + 9. Let b be s(7). Let k(o) = -1 - 3*o**2 - 4*o**2 + 2406*o**3 - 2405*o**3 - 9*o**2. Determine k(b).
-1
Let s(q) = -4*q**3 + 20*q**2 + 17*q - 90. Let z(r) = -2*r**3 + 10*r**2 + 9*r - 49. Let f(c) = 5*s(c) - 9*z(c). What is f(5)?
11
Suppose -p - 8 = p. Let o(w) = -134*w**2 - 176*w + 86*w - 2 + 83*w + 1 + 133*w**2. What is o(p)?
11
Let i be (-2 + -2)*(-3)/(12/7). Suppose -8*o = -23 + i. Let k(j) = -2*j**3 + 4*j**2 - 3*j + 2. What is k(o)?
-4
Let x(v) = v**2 + 24*v + 5. Suppose 3*p - 12 = 0, -67*p + 62*p = 2*w + 26. What is x(w)?
-18
Let c = 2084 + -2080. Let o(t) = -t**3 + 6*t**2 - 12*t + 17. Give o(c).
1
Let v(w) = 52*w + 155. Let x be (9 - 3)*(-7)/14. Calculate v(x).
-1
Let y(w) = -3*w**2 - 6*w - 11. Let x be y(-2). Let s(i) = 2*i + 19. What is s(x)?
-3
Let q(l) be the second derivative of l**3/3 - 21*l**2/2 + l + 373. Calculate q(0).
-21
Let q(m) = 3*m + 434 - 216 - 208. What is q(-3)?
1
Let p(z) = z**3 - 11*z**2 - 3*z + 6. Let s be p(10). Let c = -128 - s. Let g(k) = -k**2 - 3*k + 1. Calculate g(c).
-3
Let d(n) be the first derivative of -5*n**2/2 - 35*n + 2228. Calculate d(-8).
5
Let i(v) = 13*v - 2. Let z(x) = -10*x + 2. Let a(b) = -7*i(b) - 9*z(b). What is a(2)?
-6
Let b(v) be the second derivative of v**5/20 - v**4/3 - v**3/6 - 3*v**2/2 + 277*v. Suppose -5 = 2*s - 4*w + 7, 3*w - 7 = 2*s. Calculate b(s).
-7
Let l(o) = -o**3 + 8*o**2 - 4*o - 8. Suppose 12 = 5*c + 4*k, -3*c + 4*k = -2*c + 12. Suppose 0 = -3*n + 7 + 5 + 9. Suppose c*i = -i + n. Determine l(i).
13
Let y(i) = i - 22. Let d(u) = u**2 + 8*u. Let g(a) = -8*a - 8. Let f be g(4). Let w be (-1)/(6/f)*(-6)/5. Let k be d(w). Determine y(k).
-22
Suppose 0 = 4*p + 2*j + 76, -18*p + j - 16 = -17*p. Let g be (p/(-42))/((-2)/14). Let x(i) = -9*i + 2. What is x(g)?
29
Suppose 4*s = s - 6. Let l(i) be the second derivative of 11*i**3/6 + i**2/2 - 4*i - 12. Determine l(s).
-21
Suppose -43*t = -50*t + 42. Let n(y) = 2 - 2 + 10 + y + 2*y - t*y. Determine n(5).
-5
Let n be (22/8 - 4) + (-452)/(-16). Let f(l) = l**2 - 29*l + 59. Give f(n).
5
Let f(b) = -2*b + 73. Suppose -25*a = -38*a + 429. Let q be f(a). Let n(i) be the third derivative of -i**4/24 - i**3/6 + 8*i**2. Determine n(q).
-8
Let m = -1061 + 1049. Let d(a) be the second derivative of a**4/12 + 13*a**3/6 + 5*a**2/2 + 2*a. Calculate d(m).
-7
Let m(p) = 4*p**3 - p + 1. Suppose 7*s - 31 + 17 = 0. Suppose 0*y = -2*y, -3*w + 6 = -s*y. Give m(w).
31
Let g(a) = 1276*a + a**2 - 2570*a + 7 + 4 - 1 + 1278*a. What is g(16)?
10
Let y(x) be the first derivative of 9*x**2 - 191*x + 7425. Calculate y(10).
-11
Suppose 0 = 14*h - 140 + 28. Let w(r) = -22*r - 23*r + 43*r + h. Give w(7).
-6
Let w(m) = -25*m + 1. Let h(z) = 34*z - 14. Let n(s) = -2*h(s) - 3*w(s). Give n(6).
67
Suppose -8*i - 90 = -186. Let h(d) = 13*d**2 + 18 - i*d**2 - 8*d - 16*d. Give h(23).
-5
Let i(n) be the second derivative of n**3/3 - n. Let b = -101 + 57. Let k be (-50 - b)*(-2)/12. Calculate i(k).
2
Let x = -11185 - -11187. Let d(q) be the second derivative of 40*q + 0 - 1/2*q**3 + 3/2*q**x. Calculate d(2).
-3
Let j(v) = -3*v - 11. Let b be (-161)/49 + ((-38)/14 - -3). Let g(t) = -5*t - 13. Let i(l) = b*j(l) + 2*g(l). What is i(0)?
7
Let u = 94 - 89. Suppose -2*h = 2*h - s + 4, -u*h = -s + 6. Let t be (-8)/h - (-21)/(-14)*-2. Let q(a) = -a + 7. Give q(t).
0
Suppose -4*h + 5 = 5*n, 21*n - 18*n = -h + 3. Let i(y) be the third derivative of y**6/30 - y**4/12 + y**3/6 - 157*y**2 - 2*y. Calculate i(n).
3
Let s be 2/8 - 490/(-56) - -1. Suppose 9*j + 6 = s*j. Let o(m) = -m**2 + 6*m. Give o(j).
0
Let j(t) be the second derivative of t**3/6 + 62*t**2 + 698*t. Give j(0).
124
Let f = 12097 - 12097. Let s(t) be the second derivative of f*t**3 + 0*t**2 + 1/12*t**4 + 5 - 4*t + 1/20*t**5. Give s(-2).
-4
Suppose 238*j - 247*j + 54 = 0. Let i(s) = s**2 - s - 28. Determine i(j).
2
Let y(c) = -8 + 13 + 0*c - 7*c + 2*c. Determine 